a factor of 55088?
False
Does 12 divide 4368?
True
Is 2015 a multiple of 5?
True
Does 6 divide 1313?
False
Does 14 divide 6622?
True
Is 18718 a multiple of 20?
False
Is 100 a multiple of 2?
True
Is 99 a factor of 27202?
False
Is 819 a multiple of 17?
False
Is 42 a factor of 1205?
False
Is 1825 a multiple of 18?
False
Is 14 a factor of 101878?
True
Is 579 a multiple of 12?
False
Is 72 a multiple of 2?
True
Is 36 a multiple of 5?
False
Does 202 divide 12928?
True
Is 51 a factor of 3825?
True
Is 2457 a multiple of 91?
True
Is 932 a multiple of 9?
False
Is 483 a multiple of 69?
True
Is 54 a factor of 7992?
True
Is 21 a factor of 777?
True
Is 14 a factor of 500?
False
Is 231 a multiple of 11?
True
Is 1180 a multiple of 16?
False
Does 4 divide 8?
True
Is 3 a factor of 41819?
False
Is 37 a factor of 16280?
True
Does 10 divide 59?
False
Does 35 divide 2065?
True
Is 20 a factor of 908?
False
Is 21 a factor of 294?
True
Is 133 a factor of 8085?
False
Is 7110 a multiple of 158?
True
Is 113274 a multiple of 61?
False
Does 117 divide 29250?
True
Does 22 divide 3484?
False
Is 8 a factor of 88?
True
Is 1495 even?
False
Does 38 divide 305?
False
Is 11 a factor of 171?
False
Is 12 a factor of 34?
False
Is 3 a factor of 1146?
True
Is 2416 a multiple of 6?
False
Is 18 a factor of 3132?
True
Is 1881 a multiple of 9?
True
Is 598 a multiple of 7?
False
Does 16 divide 22193?
False
Is 4222 a multiple of 19?
False
Is 1168 a multiple of 16?
True
Is 4 a factor of 1728?
True
Is 15 a factor of 1065?
True
Is 12 a factor of 1783?
False
Is 97 a factor of 2758?
False
Is 4 a factor of 1900?
True
Is 35882 a multiple of 96?
False
Is 1413 a multiple of 9?
True
Is 10 a factor of 89?
False
Is 9115 a multiple of 5?
True
Is 16603 a multiple of 36?
False
Is 3 a factor of 335?
False
Is 13 a factor of 520?
True
Does 5 divide 1145?
True
Does 23 divide 23?
True
Is 15 a factor of 4820?
False
Is 30 a factor of 354?
False
Does 18 divide 3527?
False
Does 29 divide 2987?
True
Is 23999 a multiple of 65?
False
Is 44 a factor of 4972?
True
Does 113 divide 3842?
True
Does 11 divide 473?
True
Does 31 divide 418?
False
Does 4 divide 10400?
True
Is 70 a factor of 2159?
False
Does 96 divide 855?
False
Is 717 a multiple of 16?
False
Is 75 a factor of 3338?
False
Is 30 a multiple of 10?
True
Is 41 a factor of 53574?
False
Is 123 a factor of 2377?
False
Is 28919 a multiple of 121?
True
Does 18 divide 5742?
True
Is 53 a factor of 265?
True
Is 4 a factor of 172?
True
Does 63 divide 11654?
False
Is 180 a multiple of 10?
True
Does 42 divide 4956?
True
Is 50694 a multiple of 119?
True
Does 65 divide 299?
False
Is 585 a multiple of 39?
True
Is 186 a multiple of 6?
True
Is 700 a multiple of 28?
True
Is 9 a factor of 14395?
False
Does 3 divide 6?
True
Is 104 even?
True
Is 23 a factor of 6969?
True
Is 18 a factor of 3237?
False
Is 7 a factor of 605?
False
Does 15 divide 2331?
False
Is 1296 a multiple of 72?
True
Is 17461 a multiple of 191?
False
Does 42 divide 6846?
True
Is 171 a factor of 55917?
True
Does 15 divide 1700?
False
Is 8940 a multiple of 90?
False
Is 11 a factor of 287?
False
Does 37 divide 555?
True
Is 13 a factor of 1927?
False
Does 21 divide 840?
True
Is 2 a factor of 257?
False
Is 10100 a multiple of 39?
False
Does 11 divide 32509?
False
Is 92 a factor of 14475?
False
Is 14678 a multiple of 32?
False
Does 6 divide 407?
False
Does 22 divide 1540?
True
Does 30 divide 11364?
False
Does 8 divide 8241?
False
Is 9152 a multiple of 176?
True
Is 1968 a multiple of 12?
True
Is 9 a factor of 1669?
False
Is 7524 a multiple of 11?
True
Is 216 a multiple of 36?
True
Does 42 divide 252?
True
Is 94208 a multiple of 41?
False
Is 1980 a multiple of 11?
True
Is 462 a multiple of 5?
False
Is 14420 a multiple of 20?
True
Does 2 divide 227?
False
Is 38 a factor of 912?
True
Is 408 a multiple of 8?
True
Is 38963 a multiple of 34?
False
Does 12 divide 9360?
True
Is 4598 a multiple of 5?
False
Does 2 divide 917?
False
Is 596 a multiple of 26?
False
Does 14 divide 171?
False
Is 9 a factor of 118?
False
Is 2192 a multiple of 10?
False
Is 1784 a multiple of 9?
False
Is 4 a factor of 483?
False
Is 39 a factor of 2847?
True
Is 6 a factor of 436?
False
Does 130 divide 47418?
False
Is 1195 a multiple of 48?
False
Is 1580 a multiple of 4?
True
Does 23 divide 5198?
True
Does 36 divide 4496?
False
Is 494 a multiple of 17?
False
Is 9000 a multiple of 60?
True
Does 10 divide 42020?
True
Is 11 a factor of 25405?
False
Does 90 divide 17640?
True
Is 782 a multiple of 34?
True
Does 28 divide 7308?
True
Does 82 divide 5166?
True
Is 473 a multiple of 4?
False
Does 2 divide 211?
False
Is 392 a multiple of 98?
True
Is 71 a factor of 30814?
True
Does 4 divide 76?
True
Is 9120 a multiple of 30?
True
Does 8 divide 112?
True
Does 3 divide 273?
True
Is 1278 a multiple of 7?
False
Is 140 a multiple of 35?
True
Does 10 divide 320?
True
Is 315 a multiple of 6?
False
Is 110 a factor of 2530?
True
Does 26 divide 261?
False
Does 14 divide 1601?
False
Does 7 divide 515?
False
Is 39 a factor of 43875?
True
Is 122 a multiple of 23?
False
Is 6 a factor of 120?
True
Does 3 divide 1336?
False
Does 12 divide 300?
True
Does 55 divide 5170?
True
Does 24 divide 18576?
True
Does 7 divide 295?
False
Does 12 divide 648?
True
Does 27 divide 12703?
False
Does 32 divide 64?
True
Is 749 a multiple of 44?
False
Is 33 a multiple of 8?
False
Is 3 a factor of 3425?
False
Is 32 a factor of 1899?
False
Is 146300 a multiple of 20?
True
Does 27 divide 92555?
False
Does 77 divide 3273?
False
Does 7 divide 665?
True
Is 80040 a multiple of 30?
True
Is 196 a multiple of 7?
True
Is 16 a factor of 4752?
True
Is 4 a factor of 463?
False
Does 14 divide 2681?
False
Is 10 a factor of 11240?
True
Is 1656 a multiple of 6?
True
Is 34374 a multiple of 102?
True
Is 12 a factor of 1752?
True
Is 13 a factor of 2579?
False
Is 100 a factor of 8435?
False
Does 23 divide 188?
False
Is 1908 a multiple of 53?
True
Does 13 divide 130?
True
Is 6 a factor of 6695?
False
Is 7578 a multiple of 77?
False
Does 54 divide 1188?
True
Is 12 a factor of 1107?
False
Is 335 a multiple of 16?
False
Does 20 divide 17013?
False
Is 34781 a multiple of 11?
False
Is 24771 a multiple of 80?
False
Does 32 divide 1315?
False
Does 12 divide 343?
False
Does 8 divide 101?
False
Is 5332 a multiple of 33?
False
Is 58 a factor of 1624?
True
Is 4794 a multiple of 17?
True
Is 13539 a multiple of 18?
False
Is 16280 a multiple of 152?
False
Is 960 a multiple of 4?
True
Is 3468 a multiple of 131?
False
Does 7 divide 2436?
True
Does 16 divide 16710?
False
Is 54740 a multiple of 101?
False
Is 12 a factor of 36623?
False
Is 42 a factor of 3401?
False
Is 130359 a multiple of 30?
False
Is 275 a multiple of 55?
True
Does 41 divide 2706?
True
Is 12 a factor of 175?
False
Is 56 a factor of 54371?
False
Does 10 divide 21150?
True
Does 9 divide 642?
False
Is 463 a multiple of 53?
False
Does 25 divide 1197?
False
Does 18 divide 43609?
False
Does 10 divide 9723?
False
Is 17 a factor of 5440?
True
Does 4 divide 2808?
True
Is 6 a factor of 246?
True
Is 4 a factor of 2176?
True
Is 12 a factor of 1571?
False
Is 16 a factor of 18350?
False
Is 149 a multiple of 9?
False
Is 46 a factor of 30222?
True
Is 6875 a multiple of 20?
False
Does 56 divide 12199?
False
Does 2 divide 51?
False
Does 11 divide 23138?
False
Is 54 a factor of 10805?
False
Is 19 a factor of 10105?
False
Is 31 a factor of 10451?
False
Does 69 divide 207?
True
Is 35 a factor of 5027?
False
Is 11181 a multiple of 14?
False
Is 97 a multiple of 3?
False
Is 601 a multiple of 76?
False
Does 11 divide 8325?
False
Does 25 divide 6521?
False
Is 600 a multiple of 8?
True
Does 35 divide 35?
True
Is 147 a multiple of 3?
True
Is 4 a factor of 27?
False
Is 22 a factor of 252?
False
Is 3478 a multiple of 37?
True
Is 31 a factor of 592?
False
Is 44 a factor of 6416?
False
Does 10 divide 1570?
True
Is 11 a factor of 21165?
False
Does 48 divide 3936?
True
Does 13 divide 1664?
True
Does 5 divide 1784?
False
Is 7 a factor of 1147?
False
Is 1645 a multiple of 13?
False
Does 11 divide 11561?
True
Is 179 a multiple of 57?
False
Does 60 divide 62820?
True
Is 19 a factor of 379?
False
Is 48149 a multiple of 97?
False
Is 3283 a multiple of 67?
True
Is 19 a factor of 627?
True
Is 409 a multiple of 6?
Fals